{"id":9,"date":"2010-07-21T18:58:36","date_gmt":"2010-07-21T18:58:36","guid":{"rendered":"http:\/\/127.0.0.1\/wt\/?page_id=9"},"modified":"2023-03-31T21:13:52","modified_gmt":"2023-03-31T19:13:52","slug":"lassociation","status":"publish","type":"page","link":"https:\/\/www.awtr69.asso.fr\/?page_id=9","title":{"rendered":"L&rsquo;Association"},"content":{"rendered":"<p><span style=\"color: #999999;\"><em>Bienvenue sur le site de l&rsquo;Association de Wing Tsun du Rhone !<\/em><\/span><\/p>\n<p style=\"text-align: justify;\"><span style=\"color: #999999;\"><em> Nous sommes heureux de vous accueillir sur notre site. Nous vous proposons de naviguer \u00e0 travers l&rsquo;histoire du Wing Tsun et celle d&rsquo;un groupe de copains ayant fond\u00e9 l&rsquo;association. Si vous souhaitez pratiquer un art martial bas\u00e9 sur l&rsquo;efficacit\u00e9, particuli\u00e8rement adapt\u00e9 \u00e0 la self-d\u00e9fense, n&rsquo;h\u00e9sitez pas \u00e0 nous rejoindre !<\/em><\/span><\/p>\n<p><span style=\"color: #999999;\"><em> Jean-Paul, Pr\u00e9sident de l&rsquo;AWTR<\/em><\/span><\/p>\n<h3>L&rsquo;Association<\/h3>\n<p style=\"text-align: justify;\">L\u2019Association de Wing Tsun du Rh\u00f4ne est une association loi 1901 \u00e0 but non lucratif. Fond\u00e9e en 2006, nous proposons un enseignement pour tous bas\u00e9 sur un concept p\u00e9dagogique logique, pragmatique et \u00e9volutif.<\/p>\n<p style=\"text-align: justify;\">L&rsquo;AWTR est membre de deux f\u00e9d\u00e9rations :<\/p>\n<ul>\n<li style=\"text-align: justify;\">L&rsquo;International Union for Escrima and Wing Tsun (<a title=\"IUEWT\" href=\"http:\/\/www.iuewt.com\/\">IUEWT<\/a>) dont le repr\u00e9sentant pour la France est Sifu Marcus Schussler (vous pourrez trouver une pr\u00e9sentation <a title=\"ici\" href=\"..\/?p=402\">ici<\/a>). L&rsquo;IUEWT propose un enseignement du concept originel du Wing Tsun \u00e0 travers une d\u00e9marche logique, pragmatique et \u00e9volutive.<\/li>\n<li style=\"text-align: justify;\">L&rsquo;Union fran\u00e7aise des \u0153uvres la\u00efques d&rsquo;\u00e9ducation physique (<a title=\"UFOLEP\" href=\"http:\/\/www.ufolep-69.com\/\">UFOLEP<\/a>), premi\u00e8re f\u00e9d\u00e9ration multisports en France, aupr\u00e8s de qui nous disposons des assurances n\u00e9cessaire pour enseigner en s\u00e9curit\u00e9.<\/li>\n<\/ul>\n<h3>Le concept d\u2019enseignement<\/h3>\n<p style=\"text-align: justify;\">L\u2019enseignement au sein de l\u2019association suit le concept originel du Wing Tsun \/ Wing Chun et est dispens\u00e9 \u00e0 chacun et quelque soit son niveau.<\/p>\n<h4 style=\"text-align: justify;\"><b>Logique<\/b><\/h4>\n<p style=\"text-align: justify;\">La base de travail au sein des cours est agenc\u00e9e de mani\u00e8re \u00e0 r\u00e9pondre \u00e0 une logique unique et suivre les concepts du Wing Tsun. Ainsi chaque exercice est donn\u00e9 avec un objectif et un cadre global permettant \u00e0 l\u2019\u00e9l\u00e8ve de comprendre dans quel contexte s\u2019effectue l\u2019exercice et comment celui-ci peut \u00eatre reli\u00e9 au travail d\u00e9j\u00e0 effectu\u00e9. Toutes les questions peuvent \u00eatre pos\u00e9es sans aucune retenue.<\/p>\n<h4 style=\"text-align: justify;\">Pragmatisme<\/h4>\n<p style=\"text-align: justify;\">L&rsquo;objectif final de l&rsquo;enseignement du Wing Tsun \u00e9tant d&rsquo;apprendre \u00e0 l&rsquo;\u00e9l\u00e8ve \u00e0 savoir se d\u00e9fendre, nous veillons \u00e0 \u00eatre totalement transparents par rapport aux conditions r\u00e9elles de combat, afin de ne pas donner \u00e0 l&rsquo;\u00e9l\u00e8ve une projection erron\u00e9e de ses capacit\u00e9s.<\/p>\n<p style=\"text-align: justify;\">Dans cette optique, nous travaillons \u00e0 la fois des exercices techniques, des applications et fixons des objectifs dans le cadre de sparring.<\/p>\n<h4 style=\"text-align: justify;\">\u00c9volutivit\u00e9<\/h4>\n<p style=\"text-align: justify;\">Dans la courbe de progression il est n\u00e9cessaire d&rsquo;adapter le niveau d&rsquo;exigence \u00e0 chacun afin qu&rsquo;il ne soit ni trop \u00e9lev\u00e9 (risque d&rsquo;\u00e9chec et de d\u00e9motivation), ni trop simple (zone de confort sans progression). Nous adaptons de fait chacun de nos exercices sur des param\u00e8tre vari\u00e9s (contrainte, vitesse, dynamisme&#8230;) afin d&rsquo;optimiser la progression de l&rsquo;\u00e9l\u00e8ve et du groupe.<\/p>\n<h3>L\u2019\u00e9quipe enseignante<\/h3>\n<p style=\"text-align: justify;\">L\u2019\u00e9quipe enseignante de l\u2019AWTR repose sur 4 moniteurs exp\u00e9riment\u00e9s (dont deux techniciens et deux en pr\u00e9paration de ce dipl\u00f4me), tous form\u00e9s dans le cadre de l\u2019IUEWT &amp; de l&rsquo;UFOLEP. Cette diversit\u00e9 permet d\u2019adapter l\u2019enseignement \u00e0 chacun tout en gardant la m\u00eame logique et le m\u00eame cadre p\u00e9dagogique.<\/p>\n<p style=\"text-align: justify;\">Tous les moniteurs sont dument habilit\u00e9s \u00e0 donner des cours.<\/p>\n<p style=\"text-align: right;\"><a href=\"https:\/\/www.awtr69.asso.fr\/wp-content\/uploads\/2010\/07\/quote_2.gif\"><img loading=\"lazy\" decoding=\"async\" class=\"size-full wp-image-58 alignright\" title=\"quote_2\" src=\"https:\/\/www.awtr69.asso.fr\/wp-content\/uploads\/2010\/07\/quote_2.gif\" alt=\"\" width=\"50\" height=\"37\"><\/a><\/p>\n<h3>Historique<\/h3>\n<p>Un r\u00eave d&rsquo;enfant, en voyant les vieux films d&rsquo;un certain Bruce Lee&#8230;<\/p>\n<p><strong>1999 <\/strong>: Rencontre de Patrick Hoareau qui enseigne le Wing Tsun (Leung Ting) \u00e0 Villefranche sur Sa\u00f4ne (69). Le Sihing \u00e0 cette p\u00e9riode est Serge Parisi<\/p>\n<p><strong>Ao\u00fbt 2002 et 2003 <\/strong>: Stage intensif et personnalis\u00e9 sous la tutelle de Wilfried Raimond \u00e0 Nice (Wong Sheung Leung)<\/p>\n<p><strong>Juillet 2003<\/strong> : Stage avec Nino Bernardo (Wong Sheung Leung)<\/p>\n<p><strong>2004 <\/strong>: Je rejoins l&rsquo;\u00e9cole de Wing Tsun de Peter Sholten \u00e0 Lyon (Leung Ting). La m\u00eame ann\u00e9e, je rencontre quelqu&rsquo;un qui va me marquer, tant par sa ma\u00eetrise et sa gentillesse que par sa redoutable efficacit\u00e9&#8230;Sifu Marcus Sch\u00fcssler, \u00e9l\u00e8ve de mon Sifu Johannes Olbers. La diff\u00e9rence est de taille. Marcus parle le fran\u00e7ais&#8230;<\/p>\n<p>Le concept devient alors tr\u00e8s clair \u2026la recherche de technique quitte mon esprit ; mon corps commence enfin \u00e0 suivre\u2026<\/p>\n<p>Peter Sholten d\u00e9cide de quitter le Wing Tsun. Moi-m\u00eame et Bernard Texier, ses anciens \u00e9l\u00e8ves d\u00e9cidons de reprendre le flambeau.<\/p>\n<p><strong>Nous cr\u00e9ons en Janvier 2006 l&rsquo;Association de Wing Tsun du Rh\u00f4ne (AWTR)<\/strong><\/p>\n<p>L&rsquo;Union Fran\u00e7aise d&rsquo;Escrima et de Wing Tsun (UFEWT) pr\u00e9sid\u00e9e par Andr\u00e9 Schad\u00e9, nous aide dans notre qu\u00eate. La relation Lyon-Mulhouse-Velbert (Allemagne) se met rapidement en place \u00e0 travers les diff\u00e9rents stages de moniteurs orgnanis\u00e9s par l\u2019UFEWT.<\/p>\n<p>Depuis 2009, Sifu Marcus Sch\u00fcssler nous accompagne personnellement. Il transmet son enseignement \u00e0 travers des stages avec les \u00e9l\u00e8ves de l&rsquo;association. Il forme lors de sessions sp\u00e9cifiques tous les moniteurs de l&rsquo;association.<\/p>\n<p><strong>Le savoir est \u00e0 nouveau disponible pour tous.<\/strong><\/p>\n","protected":false},"excerpt":{"rendered":"<p>Bienvenue sur le site de l&rsquo;Association de Wing Tsun du Rhone ! Nous sommes heureux de vous accueillir sur notre site. Nous vous proposons de naviguer \u00e0 travers l&rsquo;histoire du Wing Tsun et celle d&rsquo;un groupe de copains ayant fond\u00e9 l&rsquo;association. Si vous souhaitez pratiquer un art martial bas\u00e9 sur &#8230;<\/p>\n","protected":false},"author":1,"featured_media":0,"parent":0,"menu_order":0,"comment_status":"closed","ping_status":"closed","template":"","meta":{"om_disable_all_campaigns":false,"_monsterinsights_skip_tracking":false,"_monsterinsights_sitenote_active":false,"_monsterinsights_sitenote_note":"","_monsterinsights_sitenote_category":0,"ngg_post_thumbnail":0,"footnotes":""},"class_list":["post-9","page","type-page","status-publish","hentry","column","threecol"],"aioseo_notices":[],"_links":{"self":[{"href":"https:\/\/www.awtr69.asso.fr\/index.php?rest_route=\/wp\/v2\/pages\/9","targetHints":{"allow":["GET"]}}],"collection":[{"href":"https:\/\/www.awtr69.asso.fr\/index.php?rest_route=\/wp\/v2\/pages"}],"about":[{"href":"https:\/\/www.awtr69.asso.fr\/index.php?rest_route=\/wp\/v2\/types\/page"}],"author":[{"embeddable":true,"href":"https:\/\/www.awtr69.asso.fr\/index.php?rest_route=\/wp\/v2\/users\/1"}],"replies":[{"embeddable":true,"href":"https:\/\/www.awtr69.asso.fr\/index.php?rest_route=%2Fwp%2Fv2%2Fcomments&post=9"}],"version-history":[{"count":24,"href":"https:\/\/www.awtr69.asso.fr\/index.php?rest_route=\/wp\/v2\/pages\/9\/revisions"}],"predecessor-version":[{"id":1460,"href":"https:\/\/www.awtr69.asso.fr\/index.php?rest_route=\/wp\/v2\/pages\/9\/revisions\/1460"}],"wp:attachment":[{"href":"https:\/\/www.awtr69.asso.fr\/index.php?rest_route=%2Fwp%2Fv2%2Fmedia&parent=9"}],"curies":[{"name":"wp","href":"https:\/\/api.w.org\/{rel}","templated":true}]}}